{"id":339,"date":"2025-11-06T18:50:14","date_gmt":"2025-11-06T18:50:14","guid":{"rendered":"https:\/\/drpinheiro.com.br\/site\/?page_id=339"},"modified":"2025-12-15T17:45:15","modified_gmt":"2025-12-15T17:45:15","slug":"indicado","status":"publish","type":"page","link":"https:\/\/drpinheiro.com.br\/site\/indicado\/","title":{"rendered":"Dr. Alysson Pinheiro &#8211; Indicado"},"content":{"rendered":"\t\t<div data-elementor-type=\"wp-page\" data-elementor-id=\"339\" class=\"elementor elementor-339\" data-elementor-post-type=\"page\">\n\t\t\t\t<div class=\"elementor-element elementor-element-47571613 e-flex e-con-boxed e-con e-parent\" data-id=\"47571613\" data-element_type=\"container\" data-settings=\"{&quot;background_background&quot;:&quot;classic&quot;}\">\n\t\t\t\t\t<div class=\"e-con-inner\">\n\t\t<div class=\"elementor-element elementor-element-4a78a2e0 e-con-full e-flex e-con e-child\" data-id=\"4a78a2e0\" data-element_type=\"container\">\n\t\t<div class=\"elementor-element elementor-element-340808e5 e-con-full e-flex e-con e-child\" data-id=\"340808e5\" data-element_type=\"container\">\n\t\t\t\t<div class=\"elementor-element elementor-element-00cc425 elementor-widget-mobile__width-initial elementor-widget__width-inherit elementor-widget elementor-widget-image\" data-id=\"00cc425\" data-element_type=\"widget\" data-widget_type=\"image.default\">\n\t\t\t\t<div class=\"elementor-widget-container\">\n\t\t\t\t\t\t\t\t\t\t\t\t\t\t\t<img fetchpriority=\"high\" decoding=\"async\" width=\"800\" height=\"188\" src=\"https:\/\/drpinheiro.com.br\/site\/wp-content\/uploads\/2025\/11\/logo-links-1-1024x241.png\" class=\"attachment-large size-large wp-image-587\" alt=\"\" srcset=\"https:\/\/drpinheiro.com.br\/site\/wp-content\/uploads\/2025\/11\/logo-links-1-1024x241.png 1024w, https:\/\/drpinheiro.com.br\/site\/wp-content\/uploads\/2025\/11\/logo-links-1-300x70.png 300w, https:\/\/drpinheiro.com.br\/site\/wp-content\/uploads\/2025\/11\/logo-links-1-768x180.png 768w, https:\/\/drpinheiro.com.br\/site\/wp-content\/uploads\/2025\/11\/logo-links-1-1536x361.png 1536w, https:\/\/drpinheiro.com.br\/site\/wp-content\/uploads\/2025\/11\/logo-links-1.png 1754w\" sizes=\"(max-width: 800px) 100vw, 800px\" \/>\t\t\t\t\t\t\t\t\t\t\t\t\t\t\t<\/div>\n\t\t\t\t<\/div>\n\t\t\t\t<div class=\"elementor-element elementor-element-4e9d66f elementor-widget__width-inherit elementor-widget-mobile__width-inherit elementor-hidden-desktop elementor-hidden-laptop elementor-hidden-tablet elementor-widget elementor-widget-image\" data-id=\"4e9d66f\" data-element_type=\"widget\" data-widget_type=\"image.default\">\n\t\t\t\t<div class=\"elementor-widget-container\">\n\t\t\t\t\t\t\t\t\t\t\t\t\t\t\t<img decoding=\"async\" width=\"747\" height=\"234\" src=\"https:\/\/drpinheiro.com.br\/site\/wp-content\/uploads\/2025\/11\/Voce-foi-indicado-para-algum-dos-nossos-procedimentos.png\" class=\"attachment-large size-large wp-image-524\" alt=\"\" srcset=\"https:\/\/drpinheiro.com.br\/site\/wp-content\/uploads\/2025\/11\/Voce-foi-indicado-para-algum-dos-nossos-procedimentos.png 747w, https:\/\/drpinheiro.com.br\/site\/wp-content\/uploads\/2025\/11\/Voce-foi-indicado-para-algum-dos-nossos-procedimentos-300x94.png 300w\" sizes=\"(max-width: 747px) 100vw, 747px\" \/>\t\t\t\t\t\t\t\t\t\t\t\t\t\t\t<\/div>\n\t\t\t\t<\/div>\n\t\t\t\t<div class=\"elementor-element elementor-element-23250e8 elementor-widget__width-inherit elementor-hidden-mobile elementor-widget elementor-widget-image\" data-id=\"23250e8\" data-element_type=\"widget\" data-widget_type=\"image.default\">\n\t\t\t\t<div class=\"elementor-widget-container\">\n\t\t\t\t\t\t\t\t\t\t\t\t\t\t\t<img decoding=\"async\" width=\"800\" height=\"219\" src=\"https:\/\/drpinheiro.com.br\/site\/wp-content\/uploads\/2025\/11\/Group-16.png\" class=\"attachment-large size-large wp-image-518\" alt=\"\" srcset=\"https:\/\/drpinheiro.com.br\/site\/wp-content\/uploads\/2025\/11\/Group-16.png 894w, https:\/\/drpinheiro.com.br\/site\/wp-content\/uploads\/2025\/11\/Group-16-300x82.png 300w, https:\/\/drpinheiro.com.br\/site\/wp-content\/uploads\/2025\/11\/Group-16-768x210.png 768w\" sizes=\"(max-width: 800px) 100vw, 800px\" \/>\t\t\t\t\t\t\t\t\t\t\t\t\t\t\t<\/div>\n\t\t\t\t<\/div>\n\t\t\t\t<div class=\"elementor-element elementor-element-95c51d8 elementor-widget__width-initial elementor-widget-mobile__width-inherit elementor-widget elementor-widget-heading\" data-id=\"95c51d8\" data-element_type=\"widget\" data-widget_type=\"heading.default\">\n\t\t\t\t<div class=\"elementor-widget-container\">\n\t\t\t\t\t<h2 class=\"elementor-heading-title elementor-size-default\"><b>Escolha-se. N\u00e3o se deixe para depois.<\/b> Aqui, transformamos autoestima com seguran\u00e7a e exclusividade.<\/h2>\t\t\t\t<\/div>\n\t\t\t\t<\/div>\n\t\t\t\t<div class=\"elementor-element elementor-element-9781c37 elementor-button-align-stretch elementor-widget elementor-widget-form\" data-id=\"9781c37\" data-element_type=\"widget\" data-settings=\"{&quot;step_next_label&quot;:&quot;Next&quot;,&quot;step_previous_label&quot;:&quot;Previous&quot;,&quot;button_width&quot;:&quot;100&quot;,&quot;step_type&quot;:&quot;number_text&quot;,&quot;step_icon_shape&quot;:&quot;circle&quot;}\" data-widget_type=\"form.default\">\n\t\t\t\t<div class=\"elementor-widget-container\">\n\t\t\t\t\t\t\t<form class=\"elementor-form\" method=\"post\" name=\"Programa de indica\u00e7\u00e3o\" aria-label=\"Programa de indica\u00e7\u00e3o\">\n\t\t\t<input type=\"hidden\" name=\"post_id\" value=\"339\"\/>\n\t\t\t<input type=\"hidden\" name=\"form_id\" value=\"9781c37\"\/>\n\t\t\t<input type=\"hidden\" name=\"referer_title\" value=\"Dr. Alysson Pinheiro &#8211; Indicado\" \/>\n\n\t\t\t\t\t\t\t<input type=\"hidden\" name=\"queried_id\" value=\"339\"\/>\n\t\t\t\n\t\t\t<div class=\"elementor-form-fields-wrapper elementor-labels-above\">\n\t\t\t\t\t\t\t\t<div class=\"elementor-field-type-text elementor-field-group elementor-column elementor-field-group-nome elementor-col-100 elementor-field-required elementor-mark-required\">\n\t\t\t\t\t\t\t\t\t\t\t\t<label for=\"form-field-nome\" class=\"elementor-field-label\">\n\t\t\t\t\t\t\t\tDigite seu nome\t\t\t\t\t\t\t<\/label>\n\t\t\t\t\t\t\t\t\t\t\t\t\t\t<input size=\"1\" type=\"text\" name=\"form_fields[nome]\" id=\"form-field-nome\" class=\"elementor-field elementor-size-sm  elementor-field-textual\" required=\"required\">\n\t\t\t\t\t\t\t\t\t\t\t<\/div>\n\t\t\t\t\t\t\t\t<div class=\"elementor-field-type-tel elementor-field-group elementor-column elementor-field-group-whatsapp elementor-col-100 elementor-field-required elementor-mark-required\">\n\t\t\t\t\t\t\t\t\t\t\t\t<label for=\"form-field-whatsapp\" class=\"elementor-field-label\">\n\t\t\t\t\t\t\t\tDigite seu Whatsapp com DDD\t\t\t\t\t\t\t<\/label>\n\t\t\t\t\t\t\t\t<input size=\"1\" type=\"tel\" name=\"form_fields[whatsapp]\" id=\"form-field-whatsapp\" class=\"elementor-field elementor-size-sm  elementor-field-textual\" required=\"required\" pattern=\"[0-9()#&amp;+*-=.]+\" title=\"Only numbers and phone characters (#, -, *, etc) are accepted.\">\n\n\t\t\t\t\t\t<\/div>\n\t\t\t\t\t\t\t\t<div class=\"elementor-field-type-text elementor-field-group elementor-column elementor-field-group-indicou elementor-col-100 elementor-field-required elementor-mark-required\">\n\t\t\t\t\t\t\t\t\t\t\t\t<label for=\"form-field-indicou\" class=\"elementor-field-label\">\n\t\t\t\t\t\t\t\tQuem te indicou? (Nome e Sobrenome)\t\t\t\t\t\t\t<\/label>\n\t\t\t\t\t\t\t\t\t\t\t\t\t\t<input size=\"1\" type=\"text\" name=\"form_fields[indicou]\" id=\"form-field-indicou\" class=\"elementor-field elementor-size-sm  elementor-field-textual\" required=\"required\">\n\t\t\t\t\t\t\t\t\t\t\t<\/div>\n\t\t\t\t\t\t\t\t<div class=\"elementor-field-group elementor-column elementor-field-type-submit elementor-col-100 e-form__buttons\">\n\t\t\t\t\t<button class=\"elementor-button elementor-size-sm elementor-animation-grow\" type=\"submit\">\n\t\t\t\t\t\t<span class=\"elementor-button-content-wrapper\">\n\t\t\t\t\t\t\t\t\t\t\t\t\t\t\t\t\t\t\t\t\t\t<span class=\"elementor-button-text\">Enviar<\/span>\n\t\t\t\t\t\t\t\t\t\t\t\t\t<\/span>\n\t\t\t\t\t<\/button>\n\t\t\t\t<\/div>\n\t\t\t<\/div>\n\t\t<\/form>\n\t\t\t\t\t\t<\/div>\n\t\t\t\t<\/div>\n\t\t\t\t<\/div>\n\t\t<div class=\"elementor-element elementor-element-2a069373 e-con-full e-flex e-con e-child\" data-id=\"2a069373\" data-element_type=\"container\">\n\t\t\t\t<div class=\"elementor-element elementor-element-d24b518 elementor-widget elementor-widget-image\" data-id=\"d24b518\" data-element_type=\"widget\" data-widget_type=\"image.default\">\n\t\t\t\t<div class=\"elementor-widget-container\">\n\t\t\t\t\t\t\t\t\t\t\t\t\t\t\t<img loading=\"lazy\" decoding=\"async\" width=\"800\" height=\"600\" src=\"https:\/\/drpinheiro.com.br\/site\/wp-content\/uploads\/2025\/12\/IMG_3798-1-1024x768.webp\" class=\"attachment-large size-large wp-image-663\" alt=\"\" srcset=\"https:\/\/drpinheiro.com.br\/site\/wp-content\/uploads\/2025\/12\/IMG_3798-1-1024x768.webp 1024w, https:\/\/drpinheiro.com.br\/site\/wp-content\/uploads\/2025\/12\/IMG_3798-1-300x225.webp 300w, https:\/\/drpinheiro.com.br\/site\/wp-content\/uploads\/2025\/12\/IMG_3798-1-768x576.webp 768w, https:\/\/drpinheiro.com.br\/site\/wp-content\/uploads\/2025\/12\/IMG_3798-1-1536x1152.webp 1536w, https:\/\/drpinheiro.com.br\/site\/wp-content\/uploads\/2025\/12\/IMG_3798-1-2048x1536.webp 2048w\" sizes=\"(max-width: 800px) 100vw, 800px\" \/>\t\t\t\t\t\t\t\t\t\t\t\t\t\t\t<\/div>\n\t\t\t\t<\/div>\n\t\t\t\t<\/div>\n\t\t\t\t<\/div>\n\t\t\t\t\t<\/div>\n\t\t\t\t<\/div>\n\t\t<div class=\"elementor-element elementor-element-d3a21b7 e-flex e-con-boxed e-con e-parent\" data-id=\"d3a21b7\" data-element_type=\"container\" data-settings=\"{&quot;background_background&quot;:&quot;classic&quot;}\">\n\t\t\t\t\t<div class=\"e-con-inner\">\n\t\t\t\t<div class=\"elementor-element elementor-element-c6afb33 elementor-widget elementor-widget-text-editor\" data-id=\"c6afb33\" data-element_type=\"widget\" data-widget_type=\"text-editor.default\">\n\t\t\t\t<div class=\"elementor-widget-container\">\n\t\t\t\t\t\t\t\t\t<p>Ao clicar no bot\u00e3o voc\u00ea concorda que os dados pessoais fornecidos acima ser\u00e3o utilizados para envio de conte\u00fado informativo, anal\u00edtico e publicit\u00e1rio sobre produtos, servi\u00e7os e assuntos gerais, nos termos da Lei Geral de Prote\u00e7\u00e3o de Dados. Ao clicar no bot\u00e3o e continuar com seu cadastro, voc\u00ea autoriza o Dr. Alysson Pinheiro a coletar seus dados pessoais de acordo com a nossa Pol\u00edtica de privacidade.<\/p>\t\t\t\t\t\t\t\t<\/div>\n\t\t\t\t<\/div>\n\t\t\t\t<div class=\"elementor-element elementor-element-b4e9454 elementor-widget elementor-widget-text-editor\" data-id=\"b4e9454\" data-element_type=\"widget\" data-widget_type=\"text-editor.default\">\n\t\t\t\t<div class=\"elementor-widget-container\">\n\t\t\t\t\t\t\t\t\t<p>\u00a9\ufe0f 2025 COPYRIGHT &#8211; DR. ALYSSON PINHEIRO &#8211; TODOS OS DIREITOS RESERVADOS.<\/p>\t\t\t\t\t\t\t\t<\/div>\n\t\t\t\t<\/div>\n\t\t\t\t\t<\/div>\n\t\t\t\t<\/div>\n\t\t\t\t<\/div>\n\t\t","protected":false},"excerpt":{"rendered":"<p>Escolha-se. N\u00e3o se deixe para depois. Aqui, transformamos autoestima com seguran\u00e7a e exclusividade. Ao clicar no bot\u00e3o voc\u00ea concorda que os dados pessoais fornecidos acima ser\u00e3o utilizados para envio de conte\u00fado informativo, anal\u00edtico e publicit\u00e1rio sobre produtos, servi\u00e7os e assuntos gerais, nos termos da Lei Geral de Prote\u00e7\u00e3o de Dados. Ao clicar no bot\u00e3o e [&hellip;]<\/p>\n","protected":false},"author":1,"featured_media":0,"parent":0,"menu_order":0,"comment_status":"closed","ping_status":"closed","template":"elementor_canvas","meta":{"footnotes":""},"class_list":["post-339","page","type-page","status-publish","hentry"],"_links":{"self":[{"href":"https:\/\/drpinheiro.com.br\/site\/wp-json\/wp\/v2\/pages\/339","targetHints":{"allow":["GET"]}}],"collection":[{"href":"https:\/\/drpinheiro.com.br\/site\/wp-json\/wp\/v2\/pages"}],"about":[{"href":"https:\/\/drpinheiro.com.br\/site\/wp-json\/wp\/v2\/types\/page"}],"author":[{"embeddable":true,"href":"https:\/\/drpinheiro.com.br\/site\/wp-json\/wp\/v2\/users\/1"}],"replies":[{"embeddable":true,"href":"https:\/\/drpinheiro.com.br\/site\/wp-json\/wp\/v2\/comments?post=339"}],"version-history":[{"count":172,"href":"https:\/\/drpinheiro.com.br\/site\/wp-json\/wp\/v2\/pages\/339\/revisions"}],"predecessor-version":[{"id":703,"href":"https:\/\/drpinheiro.com.br\/site\/wp-json\/wp\/v2\/pages\/339\/revisions\/703"}],"wp:attachment":[{"href":"https:\/\/drpinheiro.com.br\/site\/wp-json\/wp\/v2\/media?parent=339"}],"curies":[{"name":"wp","href":"https:\/\/api.w.org\/{rel}","templated":true}]}}